nder when 252 is divided by 29?
20
Calculate the remainder when 93 is divided by 28.
9
What is the remainder when 831 is divided by 38?
33
Calculate the remainder when 14893 is divided by 50.
43
What is the remainder when 60 is divided by 20?
0
Calculate the remainder when 40050 is divided by 124.
122
What is the remainder when 2042 is divided by 8?
2
Calculate the remainder when 836 is divided by 274.
14
Calculate the remainder when 296 is divided by 10.
6
What is the remainder when 899 is divided by 9?
8
What is the remainder when 1858 is divided by 93?
91
Calculate the remainder when 36 is divided by 5.
1
Calculate the remainder when 111 is divided by 60.
51
Calculate the remainder when 3702 is divided by 161.
160
Calculate the remainder when 2406 is divided by 71.
63
What is the remainder when 2460 is divided by 85?
80
What is the remainder when 837 is divided by 30?
27
Calculate the remainder when 2996 is divided by 77.
70
Calculate the remainder when 249 is divided by 58.
17
What is the remainder when 210 is divided by 115?
95
Calculate the remainder when 1132 is divided by 81.
79
What is the remainder when 19006 is divided by 108?
106
Calculate the remainder when 130 is divided by 26.
0
What is the remainder when 3814 is divided by 20?
14
Calculate the remainder when 2116 is divided by 43.
9
Calculate the remainder when 40 is divided by 11.
7
What is the remainder when 333 is divided by 5?
3
What is the remainder when 747 is divided by 11?
10
What is the remainder when 10814 is divided by 105?
104
Calculate the remainder when 238 is divided by 20.
18
What is the remainder when 431 is divided by 63?
53
What is the remainder when 642 is divided by 239?
164
What is the remainder when 2209 is divided by 21?
4
Calculate the remainder when 316 is divided by 87.
55
Calculate the remainder when 5687 is divided by 271.
267
What is the remainder when 5731 is divided by 7?
5
Calculate the remainder when 2138 is divided by 34.
30
Calculate the remainder when 772 is divided by 720.
52
What is the remainder when 458 is divided by 23?
21
What is the remainder when 71 is divided by 24?
23
What is the remainder when 3786 is divided by 5?
1
Calculate the remainder when 69 is divided by 32.
5
What is the remainder when 4143 is divided by 2059?
25
What is the remainder when 176 is divided by 47?
35
Calculate the remainder when 4182 is divided by 9.
6
Calculate the remainder when 93 is divided by 51.
42
Calculate the remainder when 265 is divided by 71.
52
Calculate the remainder when 30 is divided by 3.
0
Calculate the remainder when 245 is divided by 41.
40
What is the remainder when 724 is divided by 13?
9
Calculate the remainder when 2827 is divided by 10.
7
What is the remainder when 1345 is divided by 10?
5
What is the remainder when 7118 is divided by 16?
14
What is the remainder when 170 is divided by 52?
14
What is the remainder when 252 is divided by 20?
12
What is the remainder when 2212 is divided by 244?
16
Calculate the remainder when 908 is divided by 70.
68
Calculate the remainder when 59 is divided by 32.
27
What is the remainder when 424 is divided by 6?
4
What is the remainder when 5832 is divided by 139?
133
Calculate the remainder when 35 is divided by 18.
17
What is the remainder when 3720 is divided by 74?
20
Calculate the remainder when 135 is divided by 34.
33
Calculate the remainder when 196 is divided by 53.
37
What is the remainder when 584 is divided by 45?
44
What is the remainder when 220 is divided by 209?
11
Calculate the remainder when 266 is divided by 70.
56
What is the remainder when 430 is divided by 26?
14
Calculate the remainder when 362 is divided by 14.
12
Calculate the remainder when 165 is divided by 26.
9
Calculate the remainder when 395 is divided by 66.
65
Calculate the remainder when 10870 is divided by 18.
16
Calculate the remainder when 248 is divided by 68.
44
Calculate the remainder when 1196 is divided by 16.
12
Calculate the remainder when 293 is divided by 60.
53
What is the remainder when 470 is divided by 4?
2
What is the remainder when 190 is divided by 48?
46
What is the remainder when 105 is divided by 30?
15
Calculate the remainder when 280 is divided by 70.
0
What is the remainder when 83 is divided by 15?
8
Calculate the remainder when 256 is divided by 18.
4
Calculate the remainder when 118 is divided by 25.
18
Calculate the remainder when 9 is divided by 6.
3
What is the remainder when 355 is divided by 20?
15
Calculate the remainder when 4073 is divided by 38.
7
What is the remainder when 83 is divided by 12?
11
What is the remainder when 1887 is divided by 265?
32
Calculate the remainder when 1250 is divided by 36.
26
What is the remainder when 538 is divided by 295?
243
Calculate the remainder when 3118 is divided by 48.
46
What is the remainder when 3859 is divided by 99?
97
Calculate the remainder when 245 is divided by 19.
17
What is the remainder when 2798 is divided by 20?
18
Calculate the remainder when 3074 is divided by 134.
126
Calculate the remainder when 148 is divided by 19.
15
What is the remainder when 1371 is divided by 4?
3
What is the remainder when 927 is divided by 243?
198
Calculate the remainder when 5717 is divided by 1903.
8
What is the remainder when 401 is divided by 26?
11
What is the remainder when 386 is divided by 192?
2
What is the remainder when 1060 is divided by 76?
72
Calculate the remainder when 11265 is divided by 262.
261
What is the remainder when 430 is divided by 253?
177
Calculate the remainder when 276 is divided by 10.
6
What is the remainder when 626 is divided by 11?
10
What is the remainder when 2687 is divided by 87?
77
Calculate the remainder when 3650 is divided by 44.
42
Calculate the remainder when 294 is divided by 58.
4
Calculate the remainder when 49 is divided by 17.
15
What is the remainder when 37125 is divided by 78?
75
What is the remainder when 693 is divided by 342?
9
Calculate the remainder when 334 is divided by 35.
19
What is the remainder when 60 is divided by 41?
19
Calculate the remainder when 9 is divided by 3.
0
What is the remainder when 95 is divided by 18?
5
What is the remainder when 1900 is divided by 14?
10
Calculate the remainder when 21042 is divided by 32.
18
What is the remainder when 229 is divided by 58?
55
Calculate the remainder when 602 is divided by 291.
20
What is the remainder when 5370 is divided by 21?
15
What is the remainder when 106 is divided by 30?
16
Calculate the remainder when 1209 is divided by 252.
201
Calculate the remainder when 750 is divided by 152.
142
Calculate the remainder when 172 is divided by 42.
4
Calculate the remainder when 1456 is divided by 37.
13
Calculate the remainder when 241 is divided by 123.
118
What is the remainder when 124 is divided by 35?
19
What is the remainder when 5231 is divided by 2601?
29
Calculate the remainder when 142 is divided by 25.
17
What is the remainder when 1771 is divided by 5?
1
Calculate the remainder when 184 is divided by 97.
87
Calculate the remainder when 671 is divided by 81.
23
Calculate the remainder when 1603 is divided by 24.
19
Calculate the remainder when 76 is divided by 13.
11
Calculate the remainder when 1253 is divided by 626.
1
What is the remainder when 526 is divided by 262?
2
What is the remainder when 934 is divided by 117?
115
Calculate the remainder when 311 is divided by 57.
26
What is the remainder when 307 is divided by 142?
23
Calculate the remainder when 8170 is divided by 75.
70
Calculate the remainder when 1164 is divided by 59.
43
What is the remainder when 73 is divided by 17?
5
Calculate the remainder when 595 is divided by 120.
115
Calculate the remainder when 949 is divided by 190.
189
What is the remainder when 2714 is divided by 208?
10
What is the remainder when 2051 is divided by 42?
35
What is the remainder when 529 is divided by 189?
151
What is the remainder when 181 is divided by 78?
25
What is the remainder when 2273 is divided by 164?
141
What is the remainder when 1294 is divided by 100?
94
What is the remainder when 8364 is divided by 8?
4
What is the remainder when 610 is divided by 18?
16
What is the remainder when 143 is divided by 44?
11
Calculate the remainder when 428 is divided by 143.
14